i(y).
-7
Let y(g) = g**3 + 5*g**2 - 7*g - 4. Let h be y(-6). Suppose -2*b - h*b = 0. Let i(k) = k**2 + k - 5. Determine i(b).
-5
Let i(w) = w - 10. Let t be i(6). Let a(h) = h**3 + 5*h**2. What is a(t)?
16
Let a(r) be the second derivative of 0 - 1/3*r**3 + 0*r**2 + r. Suppose 0 = 282*g - 285*g - 3. Calculate a(g).
2
Let i(d) = d - 1. Let w(t) = 2*t + 3. Let c(o) = -o**3 + o**2 - 1. Let n be c(1). Let a(h) = n*w(h) + i(h). Give a(-2).
-2
Let n = 12 + -7. Let s = 6 - 6. Let t(m) = 6 - 4*m - 3 + s*m + 3*m. What is t(n)?
-2
Suppose 20 = 5*w + 5*r, -6*w + r + 2 = -w. Let l = -3 + 8. Let h(z) = -l*z + 6*z + w + 0. Calculate h(4).
5
Suppose 0 = -0*s - 3*s + 12. Suppose -4 = -s*r - 4*m, 5*r + 1 = r - 5*m. Let q(b) = 0*b - r*b + b**3 - 4 - 3*b**2 + 5 + 4. Give q(4).
-3
Let r(q) be the third derivative of 7*q**6/120 + q**5/60 - q**3/6 + q**2. Let v be 1 + 1/(-2)*2. Suppose -4*f = -v*f + 4. What is r(f)?
-7
Let b = -57 - -60. Let l(y) = -y**3 + 2*y**2 + 5*y - 4. Determine l(b).
2
Let x(j) be the first derivative of j**4/2 - j**3/3 - 25. Give x(-1).
-3
Let k(a) be the first derivative of -a**4/4 - 2*a**3 - 5*a**2/2 - a + 31. Give k(-5).
-1
Let j(q) = 8*q**3 - q**2 + 2*q + 5. Let v(l) = l**3 + 1. Let d(r) = -j(r) + 6*v(r). What is d(1)?
-2
Let q = -14 - -10. Let x(r) = r - 1. Let b(t) be the second derivative of t**3/2 + 3*t**2/2 + t. Let y(d) = b(d) - 2*x(d). Calculate y(q).
1
Let f(b) = -b + 10. Suppose y - 3*y = -96. Let z be y/(-9)*(-3)/1. Let d be z/3 + 1/(-3). Give f(d).
5
Let k be ((-16)/(-2))/2 + -3. Let y be (6 + 3)*k/3. Let v(p) = -4*p + 3*p - y*p + 5*p**2 - p + 2 - p**3. Give v(3).
5
Let b(m) = -2*m - 3*m + 0*m + m**2 - 2 + m**3 + 0*m**2. Let u = -13 + 10. Calculate b(u).
-5
Let o be 2/(-1)*(-6)/4. Let h be 0 - 0 - (-5 - o). Suppose -41 = -5*r - 4*t, 5*t - 3*t = h. Let u(s) = s**3 - 6*s**2 + 4*s - 2. Calculate u(r).
-7
Let i(c) = 2*c**3 - 5*c + 2*c**3 - c**2 - 5*c**3 + 4*c + 1. Let r(l) = -3*l**3 - 2*l**2 - 5*l + 7. Let u(j) = -4*i(j) + r(j). Give u(-3).
-3
Suppose -5*n - 3*k + 15 = -6*k, -4*k = 20. Let r(x) = -x**2 + n - 4*x + 5*x - 1. Let d be 1/(-2)*-1*4. Calculate r(d).
-3
Let i(k) = -k**3 - 6*k**2 - 5*k - 1. Suppose 0 = -0*y - 3*y + 3. Let t be 2 + (-5)/y - -1. Let a = -7 - t. Calculate i(a).
-1
Let o be (-72)/120*15*-1. Let f(i) = i - 7. Determine f(o).
2
Suppose -3*w + 4*w - 5 = 0. Let x(u) be the second derivative of u**6/360 - u**5/20 + u**4/12 - 2*u. Let z(l) be the third derivative of x(l). What is z(w)?
4
Let x(o) = o**3 - 4*o**2 - o + 1. Let k(n) = n**3 - 4*n**2 + 3*n - 5. Let a be k(4). Suppose 2*v - 21 = -4*u - a, -4*v = u. Determine x(u).
-3
Let l = -3 - -6. Suppose -2*k + 6 = -3*k + 2*c, 4 = c. Let w(o) = -1 - 1 - 7*o - o**k - l. What is w(-4)?
7
Let g(o) = 3*o**3 - 2*o - 113*o**2 - 1 + 2*o + 115*o**2. Let t = 3 + -2. Give g(t).
4
Suppose -x - 12 = -14. Let y(v) = -4 - x*v + 0*v**2 + 3 - 2*v**2 - 2*v**2 + v**3. What is y(4)?
-9
Let p(l) = -l**2 + 2*l + 1. Suppose 4*w + 2 = -2. Determine p(w).
-2
Let a = 7 - 2. Let m(p) be the first derivative of p**3/3 - 3*p**2/2 - 6*p - 7. Determine m(a).
4
Let y(q) = q**3 + 6*q**2 - 8*q - 2. Suppose c - 4*z = -15, z = -c + 2*c + 9. Determine y(c).
5
Let b(j) = -j**3 + 6*j**2 + 9*j - 9. Let p be b(7). Let q(z) = -z**2 + 4*z + 1. Calculate q(p).
-4
Let s be (-15)/60 - 18/(-8). Let h(r) = r**3 - r**2 - 2*r + 2. What is h(s)?
2
Let s(k) = 8*k**2 - 1. Let i be s(-3). Let b = i - 40. Suppose 6 - b = -5*x. Let z(a) = -a**2 + 5*a - 1. Determine z(x).
-1
Let x(c) = 4*c**3 + 3*c**2 + 3. Let u(g) = -5*g**3 - 4*g**2 - 2. Let j(r) = 3*u(r) + 4*x(r). Let y be 7/21*(0 + 0). Determine j(y).
6
Let x(j) = -2*j - 36. Let r(d) = -3*d - 54. Let k(i) = 5*r(i) - 8*x(i). Determine k(-8).
10
Let f(i) = -i - 3. Suppose -y = 3*v - 8, 28 = -0*y - 5*y + 2*v. What is f(y)?
1
Let v(f) = -7*f**3 - 2*f**2 + 13*f + 6. Let k(w) = -10*w**3 - 3*w**2 + 19*w + 9. Let l(i) = -5*k(i) + 7*v(i). Give l(-2).
1
Let q(p) = 4*p**3 - 5*p**2 - 4*p - 5. Let h(u) = 5*u**3 - 5*u**2 - 5*u - 6. Let j(m) = 3*h(m) - 4*q(m). Suppose -2*v = -9*v + 35. What is j(v)?
7
Suppose -n - 2*m + 7 = 0, -2*m - 3 + 4 = 3*n. Let q(d) = -4*d**2 + d + 6. Let f(s) = -s**2 + s + 1. Let k(a) = -3*f(a) + q(a). Calculate k(n).
0
Let o = -12 - -14. Let i(p) = -12*p**3 - 2 + 11*p**3 + 2*p**o - 2*p**2. Suppose -3*d + 0*d - 5 = -n, 2*d + n = 5. Calculate i(d).
-2
Let o = -4 + -2. Let l(t) = -4*t - 4. Calculate l(o).
20
Suppose -5*j + 3 = -x - 10*j, 2*x = -2*j + 2. Let i(z) be the second derivative of 0 - z + 5/6*z**3 + 1/2*z**x - 1/12*z**4. Calculate i(5).
1
Let v = -8 + 13. Let c(o) = -o**3 + 3*o**2 - o + 3. Let m be c(3). Suppose -3*j + h - 16 = m, v*j - h + 15 = -11. Let u(n) = -n**3 - 5*n**2. Give u(j).
0
Let k be 2 + (-7 - -2 - -3). Suppose k*n = -n. Let s(a) = -3*a + 3 + a**2 - 4*a + n*a**2. Give s(3).
-9
Let u(f) be the third derivative of -f**5/60 + f**4/12 - f**3/2 - f**2. Let g(k) be the first derivative of u(k). What is g(-2)?
6
Let o(k) be the third derivative of 0*k**3 + 0 + 0*k - 1/4*k**4 + k**2 + 1/60*k**5. Let b(t) = -t**2 - 5*t - 3. Let c be b(-3). Calculate o(c).
-9
Let q(f) = f**2 - 22*f + 3. Let j be q(22). Let r(l) = l**3 - 2*l**2 + 3*l - 3. Give r(j).
15
Let w(j) = j**3 - 4*j**2 + 2*j. Suppose -3*q - 2*y + 37 = 0, 2*y = 3*q + 17 - 46. Let z = -7 + q. Give w(z).
8
Let g(w) = w**3 + 2*w - 1. Let s be g(1). Let i(c) = 0 - 2*c - 3*c + 3*c + s. Calculate i(-2).
6
Let k(o) be the second derivative of o**3/6 - 5*o**2 + 7*o. Let b(t) = -t**2 + 3 - 3*t - 3 - 2. Let h be b(-2). What is k(h)?
-10
Suppose -3*u + 4*c = -3, -2*u - 3*c - 17 + 2 = 0. Let q(w) = -56*w + 2*w**2 + 114*w - 3*w**2 + 1 - 60*w. Give q(u).
-2
Let y(f) = -3*f + 33. Let i be y(13). Let s(u) = u**3 + 1. Let a(w) = 4*w**3 - 5*w**2 + 6*w + 10. Let k(g) = -a(g) + 5*s(g). Give k(i).
-5
Let p(j) be the second derivative of 2*j**5/5 - j**4/12 + j**3/3 - j**2/2 + 7*j. What is p(1)?
8
Let h(q) = 7*q - 1. Suppose 5*a = -8*o + 9*o - 6, -2*a - 6 = -4*o. Determine h(o).
6
Let b(g) = 9*g**3 + g**2 - g. Let m be 2/4 - 3/2. Let p = m + 1. Suppose -3 - 1 = 5*h + 3*v, p = -4*h + 5*v + 19. Give b(h).
9
Let g(q) = -q**3 - 5*q**2 + 5*q + 7. Let j = -16 - -10. Determine g(j).
13
Let p(h) = -h**2 + 6*h - 6. Let x = -89 - -94. Determine p(x).
-1
Let v be (2 + (-16)/5)/(20/(-50)). Let z(i) = i**3 - 4*i**2 + 4*i + 1. Determine z(v).
4
Let f(a) = 4 - 4 + 49*a - 48*a - a**2 - 4*a**3. Calculate f(1).
-4
Let z(r) = 3*r**2 + 4*r + 2. Let s(i) = 2 + i**3 - 2*i**2 - 5 + 1. Let a(p) = p + 12. Let q be a(-10). Let j be s(q). What is z(j)?
6
Let f(m) = 2*m**2 + 2*m - 1. Let b be f(-3). Let r = b + -8. Let o(j) = 2*j**3 + 0*j**3 + 2 - j + 5*j**2 - r*j**3. What is o(5)?
-3
Let w(j) = -j + 4. Let y be w(7). Let g(d) be the third derivative of -d**4/12 - 5*d**2. Calculate g(y).
6
Let d(g) be the first derivative of -5*g**4/4 - 2*g**3/3 + 2*g**2 - g + 3. Let s(k) = -4*k**3 - k**2 + 3*k. Let p(w) = -3*d(w) + 4*s(w). Calculate p(3).
-6
Suppose 3*f + 0*t = t - 23, 5*t = 3*f + 43. Let j(p) = 4*p**3 + 13*p. Let c(g) = -2*g**3 - 6*g. Let r(a) = f*j(a) - 13*c(a). Let x = -10 + 9. What is r(x)?
-2
Let z = 2 + -5. Let j = 5 + z. Let v(p) = p + 2*p + 1 + j*p**2 + 0*p. Calculate v(-2).
3
Let n(v) = -2*v**2 - 4*v + 1. Let d be (-6)/(-4) - (-1)/2. Let y = d - -5. Let w = 4 - y. What is n(w)?
-5
Suppose -b - t + 2*t + 4 = 0, 4*b = -3*t + 9. Let k(d) = d + 0*d - 2*d - b + 1. Give k(-6).
4
Let p(o) be the second derivative of o**5/60 - o**4/6 - o**3/6 + 2*o**2 - 2*o. Let b(x) be the first derivative of p(x). What is b(6)?
11
Let f(h) = h. Suppose u = -u + 6. Let t(l) = l**2 + 8*l + 10. Let z be t(-7). Suppose u*p - 1 = -5*i, 5*i + z = 5*p + 28. Determine f(p).
-3
Let x(v) = -3*v + 30*v**2 - 29*v**2 - 1 + v. Calculate x(4).
7
Let y(h) = 2*h + 4. Suppose -19 = 5*n - 2*b - 0*b, -4*n - 17 = -b. Determine y(n).
-6
Let w = -27 - -30. Let t(c) = 3 - 6 - w*c - 6. Determine t(-6).
9
Suppose -2 - 18 = 5*b. Let p(d) = d**3 + 5*d**2 + 5*d. Let q be p(b). Let a(v) = v**3 + 5*v**2 + 3*v + 6. What is a(q)?
10
Let o(a) = -2*a**2 - 5*a - 2. Let t(h) = h**3 + 12*h**2 + 11*h - 4. Let n be (-2)/(-5) + (-228)/20. Let g be t(n). Give o(g).
-14
Let c(p) = p**2 - p - 3. Let x be 3/(9/12)*1. Suppose d = 2*h + 10, -x*h + 2 - 10 = d. Determine c(h).
9
Let c be 2/13 + 72/